{"id":56,"date":"2021-02-15T10:27:03","date_gmt":"2021-02-15T09:27:03","guid":{"rendered":"http:\/\/o-design.cz\/mlinen\/?page_id=56"},"modified":"2021-02-16T21:59:59","modified_gmt":"2021-02-16T20:59:59","slug":"vyplne-dveri","status":"publish","type":"page","link":"http:\/\/o-design.cz\/mlinen\/vyplne-dveri\/","title":{"rendered":"V\u00ddPLN\u011a DVE\u0158\u00cd"},"content":{"rendered":"<h1>V\u00fdpln\u011b posuvn\u00fdch dve\u0159\u00ed pro vestav\u011bn\u00e9 sk\u0159\u00edn\u011b<\/h1>\n<ul class=\"nav nav-tabs\">\n<li class=\"active\"><a href=\"#home\">LTD<\/a><\/li>\n<li><a href=\"#menu1\">Zrcadla<\/a><\/li>\n<li><a href=\"#menu2\">Skla<\/a><\/li>\n<\/ul>\n<div class=\"tab-content\">\n<div id=\"home\" class=\"tab-pane fade in active\">\n<h2><span class=\"zavorka\">[ <\/span>LTD v\u00fdpln\u011b posuvn\u00fdch dve\u0159\u00ed<span class=\"zavorka\"> ]<\/span><\/h2>\n<h3>Kompletn\u00ed sortiment LTD v tlou\u0161\u0165ce 18 mm<\/h3>\n<p>Do posuvn\u00fdch dve\u0159\u00ed vestav\u011bn\u00fdch sk\u0159\u00edn\u00ed nab\u00edz\u00edme <b>kompletn\u00ed sortiment dekor\u016f od firem Egger, Kronospan, Kaindl a DDL<\/b>.<\/p>\n<h3>Lamina v tlou\u0161\u0165ce 10 mm<\/h3>\n<table class=\"commonTable vyplneTable\">\n<tbody>\n<tr>\n<td class=\"skI prvni\">AK\u010cN\u00cd LTD CENOV\u00c1 SKUPINA \u010c. I.<\/td>\n<\/tr>\n<tr>\n<td class=\"skII prvni\">CENOV\u00c1 SKUPINA \u010c. II.<\/td>\n<\/tr>\n<tr>\n<td class=\"skIII prvni\">CENOV\u00c1 SKUPINA \u010c. III.<\/td>\n<\/tr>\n<tr>\n<td class=\"skIV prvni\">CENOV\u00c1 SKUPINA \u010c. IV.<\/td>\n<\/tr>\n<\/tbody>\n<\/table>\n<table class=\"commonTable vyplneTable\">\n<tbody>\n<tr>\n<td class=\"topBg prvni\" colspan=\"3\">LTD Kronospan do 7 pracovn\u00edch dn\u016f<\/td>\n<td class=\"topBg\">tlou\u0161\u0165ka<\/td>\n<td class=\"topBg\">cen. sk.<\/td>\n<\/tr>\n<tr>\n<td class=\"skI prvni\">101<\/td>\n<td class=\"skI\">PE<\/td>\n<td class=\"nazev\">B\u00edl\u00e1 perli\u010dka<\/td>\n<td>10<\/td>\n<td>1<\/td>\n<\/tr>\n<tr>\n<td class=\"skI prvni\">101<\/td>\n<td class=\"skI\">SM<\/td>\n<td class=\"nazev\">B\u00edl\u00e1 hladk\u00e1<\/td>\n<td>10<\/td>\n<td>1<\/td>\n<\/tr>\n<tr>\n<td class=\"skI prvni\">101<\/td>\n<td class=\"skI\">PR<\/td>\n<td class=\"nazev\">B\u00edl\u00e1 por<\/td>\n<td>10<\/td>\n<td>1<\/td>\n<\/tr>\n<tr>\n<td class=\"skI prvni\">113<\/td>\n<td class=\"skI\">PE<\/td>\n<td class=\"nazev\">Ceramic b\u00edl\u00e1<\/td>\n<td>10<\/td>\n<td>1<\/td>\n<\/tr>\n<tr>\n<td class=\"skI prvni\">113<\/td>\n<td class=\"skI\">SM<\/td>\n<td class=\"nazev\">Ceramic b\u00edl\u00e1<\/td>\n<td>10<\/td>\n<td>1<\/td>\n<\/tr>\n<tr>\n<td class=\"skI prvni\">190<\/td>\n<td class=\"skI\">PE<\/td>\n<td class=\"nazev\">\u010cern\u00e1<\/td>\n<td>10<\/td>\n<td>1<\/td>\n<\/tr>\n<tr>\n<td class=\"skI prvni\">344<\/td>\n<td class=\"skI\">PR<\/td>\n<td class=\"nazev\">T\u0159e\u0161e\u0148<\/td>\n<td>10<\/td>\n<td>1<\/td>\n<\/tr>\n<tr>\n<td class=\"skI prvni\">375<\/td>\n<td class=\"skI\">PR<\/td>\n<td class=\"nazev\">Javor<\/td>\n<td>10<\/td>\n<td>1<\/td>\n<\/tr>\n<tr>\n<td class=\"skI prvni\">381<\/td>\n<td class=\"skI\">PR<\/td>\n<td class=\"nazev\">Buk Bavaria<\/td>\n<td>10<\/td>\n<td>1<\/td>\n<\/tr>\n<tr>\n<td class=\"skI prvni\">729<\/td>\n<td class=\"skI\">PR<\/td>\n<td class=\"nazev\">O\u0159ech<\/td>\n<td>10<\/td>\n<td>1<\/td>\n<\/tr>\n<tr>\n<td class=\"skI prvni\">1715<\/td>\n<td class=\"skI\">BS<\/td>\n<td class=\"nazev\">B\u0159\u00edza sn\u011b\u017en\u00e1<\/td>\n<td>10<\/td>\n<td>1<\/td>\n<\/tr>\n<tr>\n<td class=\"skI prvni\">8100<\/td>\n<td class=\"skI\">SM<\/td>\n<td class=\"nazev\">Pearl White<\/td>\n<td>10<\/td>\n<td>1<\/td>\n<\/tr>\n<tr>\n<td class=\"skII prvni\">K022<\/td>\n<td class=\"skII\">SN<\/td>\n<td class=\"nazev\">Satin blackwood<\/td>\n<td>10<\/td>\n<td>2<\/td>\n<\/tr>\n<tr>\n<td class=\"skIII prvni\">8681<\/td>\n<td class=\"skIII\">GL<\/td>\n<td class=\"nazev\">B\u00edl\u00e1 lesk<\/td>\n<td>10<\/td>\n<td>4<\/td>\n<\/tr>\n<\/tbody>\n<\/table>\n<table class=\"commonTable vyplneTable\">\n<tbody>\n<tr>\n<td class=\"topBg prvni\" colspan=\"3\">LTD Egger do 7 pracovn\u00edch dn\u016f<\/td>\n<td class=\"topBg\">tlou\u0161\u0165ka<\/td>\n<td class=\"topBg\">cen. sk.<\/td>\n<\/tr>\n<tr>\n<td class=\"skI prvni\">W980<\/td>\n<td class=\"skI\">SM<\/td>\n<td class=\"nazev\">Platinov\u011b b\u00edl\u00e1 hladk\u00e1<\/td>\n<td>10<\/td>\n<td>1<\/td>\n<\/tr>\n<tr>\n<td class=\"skI prvni\">W980<\/td>\n<td class=\"skI\">ST2<\/td>\n<td class=\"nazev\">Platinov\u011b b\u00edl\u00e1 perla<\/td>\n<td>10<\/td>\n<td>1<\/td>\n<\/tr>\n<tr>\n<td class=\"skII prvni\">W1000<\/td>\n<td class=\"skII\">ST9<\/td>\n<td class=\"nazev\">Pr\u00e9miov\u011b b\u00edl\u00e1<\/td>\n<td>10<\/td>\n<td>2<\/td>\n<\/tr>\n<tr>\n<td class=\"skIII prvni\">W1000<\/td>\n<td class=\"skIII\">SM<\/td>\n<td class=\"nazev\">B\u00edl\u00e1 Premium<\/td>\n<td>10<\/td>\n<td>3<\/td>\n<\/tr>\n<tr>\n<td class=\"skIII prvni\">W1000<\/td>\n<td class=\"skIII\">ST22<\/td>\n<td class=\"nazev\">B\u00edl\u00e1 Premium<\/td>\n<td>10<\/td>\n<td>3<\/td>\n<\/tr>\n<tr>\n<td class=\"skIII prvni\">W1100<\/td>\n<td class=\"skIII\">ST9<\/td>\n<td class=\"nazev\">B\u00edl\u00e1 Alpsk\u00e1<\/td>\n<td>10<\/td>\n<td>3<\/td>\n<\/tr>\n<tr>\n<td class=\"skI prvni\">U104<\/td>\n<td class=\"skI\">ST9<\/td>\n<td class=\"nazev\">Alabastrov\u011b b\u00edl\u00e1<\/td>\n<td>10<\/td>\n<td>1<\/td>\n<\/tr>\n<tr>\n<td class=\"skII prvni\">U108<\/td>\n<td class=\"skII\">ST9<\/td>\n<td class=\"nazev\">Vanilkov\u011b \u017elut\u00e1<\/td>\n<td>10<\/td>\n<td>2<\/td>\n<\/tr>\n<tr>\n<td class=\"skII prvni\">U113<\/td>\n<td class=\"skII\">ST9<\/td>\n<td class=\"nazev\">Bavlna<\/td>\n<td>10<\/td>\n<td>2<\/td>\n<\/tr>\n<tr>\n<td class=\"skIII prvni\">U114<\/td>\n<td class=\"skIII\">ST9<\/td>\n<td class=\"nazev\">\u017dlut\u00e1<\/td>\n<td>10<\/td>\n<td>3<\/td>\n<\/tr>\n<tr>\n<td class=\"skII prvni\">U156<\/td>\n<td class=\"skII\">ST9<\/td>\n<td class=\"nazev\">P\u00edskov\u011b b\u00e9\u017eov\u00e1<\/td>\n<td>10<\/td>\n<td>2<\/td>\n<\/tr>\n<tr>\n<td class=\"skIII prvni\">U222<\/td>\n<td class=\"skIII\">ST9<\/td>\n<td class=\"nazev\">B\u00e9\u017eov\u00e1<\/td>\n<td>10<\/td>\n<td>3<\/td>\n<\/tr>\n<tr>\n<td class=\"skIV prvni\">U337<\/td>\n<td class=\"skIV\">ST9<\/td>\n<td class=\"nazev\">Fuchsie<\/td>\n<td>10<\/td>\n<td>4<\/td>\n<\/tr>\n<tr>\n<td class=\"skIII prvni\">U630<\/td>\n<td class=\"skIII\">ST9<\/td>\n<td class=\"nazev\">Limetkov\u011b zelen\u00e1<\/td>\n<td>10<\/td>\n<td>3<\/td>\n<\/tr>\n<tr>\n<td class=\"skI prvni\">U708<\/td>\n<td class=\"skI\">ST9<\/td>\n<td class=\"nazev\">Sv\u011btle \u0161ed\u00e1<\/td>\n<td>10<\/td>\n<td>1<\/td>\n<\/tr>\n<tr>\n<td class=\"skIII prvni\">U727<\/td>\n<td class=\"skIII\">ST9<\/td>\n<td class=\"nazev\">Kamenn\u00e1 \u0161ed\u00e1<\/td>\n<td>10<\/td>\n<td>3<\/td>\n<\/tr>\n<tr>\n<td class=\"skII prvni\">U732<\/td>\n<td class=\"skII\">ST9<\/td>\n<td class=\"nazev\">Prachov\u011b \u0161ed\u00e1<\/td>\n<td>10<\/td>\n<td>2<\/td>\n<\/tr>\n<tr>\n<td class=\"skIII prvni\">U750<\/td>\n<td class=\"skIII\">ST9<\/td>\n<td class=\"nazev\">Jasn\u011b \u0161ed\u00e1<\/td>\n<td>10<\/td>\n<td>3<\/td>\n<\/tr>\n<tr>\n<td class=\"skII prvni\">U775<\/td>\n<td class=\"skII\">ST9<\/td>\n<td class=\"nazev\">\u0160edo &#8211; b\u00edl\u00e1<\/td>\n<td>10<\/td>\n<td>2<\/td>\n<\/tr>\n<tr>\n<td class=\"skIV prvni\">F433<\/td>\n<td class=\"skIV\">ST10<\/td>\n<td class=\"nazev\">Len antracitov\u00fd<\/td>\n<td>10<\/td>\n<td>4<\/td>\n<\/tr>\n<tr>\n<td class=\"skIV prvni\">F501<\/td>\n<td class=\"skIV\">ST2<\/td>\n<td class=\"nazev\">Hlin\u00edk kart\u00e1\u010dovan\u00fd (Titan)<\/td>\n<td>10<\/td>\n<td>4<\/td>\n<\/tr>\n<tr>\n<td class=\"skIV prvni\">F509<\/td>\n<td class=\"skIV\">ST2<\/td>\n<td class=\"nazev\">Hlin\u00edk (Aluminium)<\/td>\n<td>10<\/td>\n<td>4<\/td>\n<\/tr>\n<\/tbody>\n<\/table>\n<table class=\"commonTable vyplneTable\">\n<tbody>\n<tr>\n<td class=\"topBg prvni\" colspan=\"3\">LTD Egger do 7 pracovn\u00edch dn\u016f<\/td>\n<td class=\"topBg\">tlou\u0161\u0165ka<\/td>\n<td class=\"topBg\">cen. sk.<\/td>\n<\/tr>\n<tr>\n<td class=\"skIII prvni\">H1101<\/td>\n<td class=\"skIII\">ST12<\/td>\n<td class=\"nazev\">Makassar mokka<\/td>\n<td>10<\/td>\n<td>3<\/td>\n<\/tr>\n<tr>\n<td class=\"skIII prvni\">H1113<\/td>\n<td class=\"skIII\">ST10<\/td>\n<td class=\"nazev\">Dub Kansask\u00fd hn\u011bd\u00fd<\/td>\n<td>10<\/td>\n<td>3<\/td>\n<\/tr>\n<tr>\n<td class=\"skIII prvni\">H1116<\/td>\n<td class=\"skIII\">ST12<\/td>\n<td class=\"nazev\">Wenge Bamenda tmav\u00e1<\/td>\n<td>10<\/td>\n<td>3<\/td>\n<\/tr>\n<tr>\n<td class=\"skIII prvni\">H1122<\/td>\n<td class=\"skIII\">ST22<\/td>\n<td class=\"nazev\">Whitewood<\/td>\n<td>10<\/td>\n<td>3<\/td>\n<\/tr>\n<tr>\n<td class=\"skI prvni\">H1145<\/td>\n<td class=\"skI\">ST10<\/td>\n<td class=\"nazev\">Dub Bardolino p\u0159\u00edrodn\u00ed<\/td>\n<td>10<\/td>\n<td>1<\/td>\n<\/tr>\n<tr>\n<td class=\"skIII prvni\">H1146<\/td>\n<td class=\"skIII\">ST10<\/td>\n<td class=\"nazev\">Dub Bardolino \u0161ed\u00fd<\/td>\n<td>10<\/td>\n<td>3<\/td>\n<\/tr>\n<tr>\n<td class=\"skIV prvni\">H1180<\/td>\n<td class=\"skIV\">ST37<\/td>\n<td class=\"nazev\">Dub Halifax p\u0159\u00edrodn\u00ed<\/td>\n<td>10<\/td>\n<td>4<\/td>\n<\/tr>\n<tr>\n<td class=\"skIV prvni\">H1181<\/td>\n<td class=\"skIV\">ST37<\/td>\n<td class=\"nazev\">Dub Halifax tab\u00e1kov\u00fd<\/td>\n<td>10<\/td>\n<td>4<\/td>\n<\/tr>\n<tr>\n<td class=\"skII prvni\">H1277<\/td>\n<td class=\"skII\">ST9<\/td>\n<td class=\"nazev\">Akazie Lakeland sv\u011btl\u00e1<\/td>\n<td>10<\/td>\n<td>2<\/td>\n<\/tr>\n<tr>\n<td class=\"skI prvni\">H1334<\/td>\n<td class=\"skI\">ST9<\/td>\n<td class=\"nazev\">Dub Sorano sv. (Ferrara)<\/td>\n<td>10<\/td>\n<td>1<\/td>\n<\/tr>\n<tr>\n<td class=\"skIV prvni\">H1400<\/td>\n<td class=\"skIV\">ST36<\/td>\n<td class=\"nazev\">Attic d\u0159evo<\/td>\n<td>10<\/td>\n<td>4<\/td>\n<\/tr>\n<tr>\n<td class=\"skI prvni\">H1424<\/td>\n<td class=\"skI\">ST22<\/td>\n<td class=\"nazev\">Fineline kr\u00e9mov\u00fd (Woodline cr.)<\/td>\n<td>10<\/td>\n<td>1<\/td>\n<\/tr>\n<tr>\n<td class=\"skIV prvni\">H1444<\/td>\n<td class=\"skIV\">ST9<\/td>\n<td class=\"nazev\">Borovice Alpsk\u00e1<\/td>\n<td>10<\/td>\n<td>4<\/td>\n<\/tr>\n<tr>\n<td class=\"skIII prvni\">H1487<\/td>\n<td class=\"skIII\">ST22<\/td>\n<td class=\"nazev\">Borovice Bramberg<\/td>\n<td>10<\/td>\n<td>3<\/td>\n<\/tr>\n<tr>\n<td class=\"skI prvni\">H1502<\/td>\n<td class=\"skI\">ST15<\/td>\n<td class=\"nazev\">Ol\u0161e<\/td>\n<td>10<\/td>\n<td>1<\/td>\n<\/tr>\n<tr>\n<td class=\"skI prvni\">H1511<\/td>\n<td class=\"skI\">ST15<\/td>\n<td class=\"nazev\">Buk Bavaria<\/td>\n<td>10<\/td>\n<td>1<\/td>\n<\/tr>\n<tr>\n<td class=\"skI prvni\">H1521<\/td>\n<td class=\"skI\">ST15<\/td>\n<td class=\"nazev\">Javor medov\u00fd<\/td>\n<td>10<\/td>\n<td>1<\/td>\n<\/tr>\n<tr>\n<td class=\"skI prvni\">H1615<\/td>\n<td class=\"skI\">ST9<\/td>\n<td class=\"nazev\">T\u0159e\u0161e\u0148 Verona (Romana)<\/td>\n<td>10<\/td>\n<td>1<\/td>\n<\/tr>\n<tr>\n<td class=\"skIII prvni\">H1636<\/td>\n<td class=\"skIII\">ST12<\/td>\n<td class=\"nazev\">T\u0159e\u0161e\u0148 Locarno<\/td>\n<td>10<\/td>\n<td>3<\/td>\n<\/tr>\n<tr>\n<td class=\"skI prvni\">H1709<\/td>\n<td class=\"skI\">ST15<\/td>\n<td class=\"nazev\">O\u0159ech Francouzsk\u00fd<\/td>\n<td>10<\/td>\n<td>1<\/td>\n<\/tr>\n<tr>\n<td class=\"skI prvni\">H1733<\/td>\n<td class=\"skI\">ST9<\/td>\n<td class=\"nazev\">B\u0159\u00edza mainau<\/td>\n<td>10<\/td>\n<td>1<\/td>\n<\/tr>\n<tr>\n<td class=\"skI prvni\">H1951<\/td>\n<td class=\"skI\">ST15<\/td>\n<td class=\"nazev\">Kalvados \u010derven\u00fd<\/td>\n<td>10<\/td>\n<td>1<\/td>\n<\/tr>\n<tr>\n<td class=\"skIII prvni\">H3058<\/td>\n<td class=\"skIII\">ST22<\/td>\n<td class=\"nazev\">Wenge Mali<\/td>\n<td>10<\/td>\n<td>3<\/td>\n<\/tr>\n<tr>\n<td class=\"skIII prvni\">H3114<\/td>\n<td class=\"skIII\">ST9<\/td>\n<td class=\"nazev\">Hru\u0161ka Tirano<\/td>\n<td>10<\/td>\n<td>3<\/td>\n<\/tr>\n<tr>\n<td class=\"skIII prvni\">H3303<\/td>\n<td class=\"skIII\">ST10<\/td>\n<td class=\"nazev\">Dub Hamilton p\u0159\u00edrodn\u00ed<\/td>\n<td>10<\/td>\n<td>3<\/td>\n<\/tr>\n<tr>\n<td class=\"skIV prvni\">H3309<\/td>\n<td class=\"skIV\">ST28<\/td>\n<td class=\"nazev\">Dub Gladstone b\u00e9\u017eov\u00fd<\/td>\n<td>10<\/td>\n<td>4<\/td>\n<\/tr>\n<tr>\n<td class=\"skIV prvni\">H3325<\/td>\n<td class=\"skIV\">ST28<\/td>\n<td class=\"nazev\">Dub Gladstone tab\u00e1k<\/td>\n<td>10<\/td>\n<td>4<\/td>\n<\/tr>\n<tr>\n<td class=\"skIV prvni\">H3326<\/td>\n<td class=\"skIV\">ST28<\/td>\n<td class=\"nazev\">Dub Gladstone \u0161ed\u00fd<\/td>\n<td>10<\/td>\n<td>4<\/td>\n<\/tr>\n<tr>\n<td class=\"skIII prvni\">H3430<\/td>\n<td class=\"skIII\">ST22<\/td>\n<td class=\"nazev\">Pinie Aland b\u00edl\u00e1<\/td>\n<td>10<\/td>\n<td>3<\/td>\n<\/tr>\n<tr>\n<td class=\"skIV prvni\">H3700<\/td>\n<td class=\"skIV\">ST10<\/td>\n<td class=\"nazev\">O\u0159ech Pacifik p\u0159\u00edrodn\u00ed<\/td>\n<td>10<\/td>\n<td>4<\/td>\n<\/tr>\n<tr>\n<td class=\"skIV prvni\">H3702<\/td>\n<td class=\"skIV\">ST10<\/td>\n<td class=\"nazev\">O\u0159ech Pacifik tab\u00e1k<\/td>\n<td>10<\/td>\n<td>4<\/td>\n<\/tr>\n<tr>\n<td class=\"skI prvni\">H3704<\/td>\n<td class=\"skI\">ST15<\/td>\n<td class=\"nazev\">O\u0159ech Aida tab\u00e1kov\u00fd<\/td>\n<td>10<\/td>\n<td>1<\/td>\n<\/tr>\n<tr>\n<td class=\"skIII prvni\">H3730<\/td>\n<td class=\"skIII\">ST10<\/td>\n<td class=\"nazev\">Hickory p\u0159\u00edrodn\u00ed<\/td>\n<td>10<\/td>\n<td>3<\/td>\n<\/tr>\n<tr>\n<td class=\"skIII prvni\">H3732<\/td>\n<td class=\"skIII\">ST10<\/td>\n<td class=\"nazev\">Hickory hn\u011bd\u00fd<\/td>\n<td>10<\/td>\n<td>3<\/td>\n<\/tr>\n<tr>\n<td class=\"skI prvni\">H3734<\/td>\n<td class=\"skI\">ST9<\/td>\n<td class=\"nazev\">O\u0159ech Dijon p\u0159\u00edrodn\u00ed<\/td>\n<td>10<\/td>\n<td>1<\/td>\n<\/tr>\n<tr>\n<td class=\"skIII prvni\">H3840<\/td>\n<td class=\"skIII\">ST9<\/td>\n<td class=\"nazev\">Javor Mandal p\u0159\u00edrodn\u00ed<\/td>\n<td>10<\/td>\n<td>3<\/td>\n<\/tr>\n<tr>\n<td class=\"skII prvni\">H3991<\/td>\n<td class=\"skII\">ST10<\/td>\n<td class=\"nazev\">Buk Country p\u0159\u00edrodn\u00ed<\/td>\n<td>10<\/td>\n<td>2<\/td>\n<\/tr>\n<\/tbody>\n<\/table>\n<table class=\"commonTable vyplneTable\">\n<tbody>\n<tr>\n<td class=\"topBg prvni\" colspan=\"3\">LTD Egger do 15 pracovn\u00edch dn\u016f<\/td>\n<td class=\"topBg\">tlou\u0161\u0165ka<\/td>\n<td class=\"topBg\">cen. sk.<\/td>\n<\/tr>\n<tr>\n<td class=\"skIII prvni\">U201<\/td>\n<td class=\"skIII\">ST9<\/td>\n<td class=\"nazev\">Obl\u00e1zkov\u011b \u0161ed\u00e1<\/td>\n<td>10<\/td>\n<td>3<\/td>\n<\/tr>\n<tr>\n<td class=\"skIV prvni\">U504<\/td>\n<td class=\"skIV\">ST9<\/td>\n<td class=\"nazev\">Tyrolsk\u00e1 modr\u00e1<\/td>\n<td>10<\/td>\n<td>4<\/td>\n<\/tr>\n<tr>\n<td class=\"skIII prvni\">U741<\/td>\n<td class=\"skIII\">ST9<\/td>\n<td class=\"nazev\">L\u00e1vov\u011b \u0161ed\u00e1<\/td>\n<td>10<\/td>\n<td>3<\/td>\n<\/tr>\n<tr>\n<td class=\"skIII prvni\">U748<\/td>\n<td class=\"skIII\">ST9<\/td>\n<td class=\"nazev\">Lan\u00fd\u017eov\u011b hn\u011bd\u00e1<\/td>\n<td>10<\/td>\n<td>3<\/td>\n<\/tr>\n<tr>\n<td class=\"skIV prvni\">U818<\/td>\n<td class=\"skIV\">ST9<\/td>\n<td class=\"nazev\">Tmav\u011b hn\u011bd\u00e1<\/td>\n<td>10<\/td>\n<td>4<\/td>\n<\/tr>\n<tr>\n<td class=\"skI prvni\">U961<\/td>\n<td class=\"skI\">ST2<\/td>\n<td class=\"nazev\">Grafitov\u011b \u0161ed\u00e1<\/td>\n<td>10<\/td>\n<td>1<\/td>\n<\/tr>\n<tr>\n<td class=\"skIV prvni\">U999<\/td>\n<td class=\"skIV\">ST38<\/td>\n<td class=\"nazev\">\u010cern\u00e1<\/td>\n<td>10<\/td>\n<td>4<\/td>\n<\/tr>\n<tr>\n<td class=\"skIV prvni\">F302<\/td>\n<td class=\"skIV\">ST87<\/td>\n<td class=\"nazev\">Ferro bronzov\u00fd<\/td>\n<td>10<\/td>\n<td>4<\/td>\n<\/tr>\n<tr>\n<td class=\"skII prvni\">H1137<\/td>\n<td class=\"skII\">ST12<\/td>\n<td class=\"nazev\">Dub Sorano \u010dernohn\u011bd\u00fd<\/td>\n<td>10<\/td>\n<td>2<\/td>\n<\/tr>\n<tr>\n<td class=\"skIII prvni\">H1199<\/td>\n<td class=\"skIII\">ST12<\/td>\n<td class=\"nazev\">Dub Thermo \u010dernohn\u011bd\u00fd<\/td>\n<td>10<\/td>\n<td>3<\/td>\n<\/tr>\n<tr>\n<td class=\"skIV prvni\">H1212<\/td>\n<td class=\"skIV\">ST33<\/td>\n<td class=\"nazev\">Jilm Tossini hn\u011bd\u00fd<\/td>\n<td>10<\/td>\n<td>4<\/td>\n<\/tr>\n<tr>\n<td class=\"skIII prvni\">H1399<\/td>\n<td class=\"skIII\">ST10<\/td>\n<td class=\"nazev\">Dub Denver lan\u00fd\u017eov\u011bhn\u011bd\u00fd<\/td>\n<td>10<\/td>\n<td>3<\/td>\n<\/tr>\n<tr>\n<td class=\"skIII prvni\">H1401<\/td>\n<td class=\"skIII\">ST22<\/td>\n<td class=\"nazev\">Pinie Cascina<\/td>\n<td>10<\/td>\n<td>3<\/td>\n<\/tr>\n<tr>\n<td class=\"skIV prvni\">H1486<\/td>\n<td class=\"skIV\">ST36<\/td>\n<td class=\"nazev\">Pinie Pasadena<\/td>\n<td>10<\/td>\n<td>4<\/td>\n<\/tr>\n<tr>\n<td class=\"skIII prvni\">H3012<\/td>\n<td class=\"skIII\">ST22<\/td>\n<td class=\"nazev\">Coco Bolo p\u0159\u00edrodn\u00ed<\/td>\n<td>10<\/td>\n<td>3<\/td>\n<\/tr>\n<tr>\n<td class=\"skIV prvni\">H3047<\/td>\n<td class=\"skIV\">ST10<\/td>\n<td class=\"nazev\">Borneo lan\u00fd\u017eov\u011bhn\u011bd\u00e9<\/td>\n<td>10<\/td>\n<td>4<\/td>\n<\/tr>\n<tr>\n<td class=\"skIV prvni\">H3048<\/td>\n<td class=\"skIV\">ST10<\/td>\n<td class=\"nazev\">Borneo antickyhn\u011bd\u00e9<\/td>\n<td>10<\/td>\n<td>4<\/td>\n<\/tr>\n<tr>\n<td class=\"skIII prvni\">H3081<\/td>\n<td class=\"skIII\">ST22<\/td>\n<td class=\"nazev\">Pinie Havanna \u010dern\u00e1<\/td>\n<td>10<\/td>\n<td>3<\/td>\n<\/tr>\n<tr>\n<td class=\"skIII prvni\">H3131<\/td>\n<td class=\"skIII\">ST12<\/td>\n<td class=\"nazev\">Dub Davos p\u0159\u00edrodn\u00ed<\/td>\n<td>10<\/td>\n<td>3<\/td>\n<\/tr>\n<tr>\n<td class=\"skIII prvni\">H3133<\/td>\n<td class=\"skIII\">ST12<\/td>\n<td class=\"nazev\">Dub Davos lan\u00fd\u017eov\u011bhn\u011bd\u00fd<\/td>\n<td>10<\/td>\n<td>3<\/td>\n<\/tr>\n<tr>\n<td class=\"skIII prvni\">H3170<\/td>\n<td class=\"skIII\">ST12<\/td>\n<td class=\"nazev\">Dub Kendal p\u0159\u00edrodn\u00ed<\/td>\n<td>10<\/td>\n<td>3<\/td>\n<\/tr>\n<tr>\n<td class=\"skIV prvni\">H3331<\/td>\n<td class=\"skIV\">ST10<\/td>\n<td class=\"nazev\">Dub Nebraska p\u0159\u00edrodn\u00ed<\/td>\n<td>10<\/td>\n<td>4<\/td>\n<\/tr>\n<tr>\n<td class=\"skII prvni\">H3395<\/td>\n<td class=\"skII\">ST12<\/td>\n<td class=\"nazev\">Dub Corbridge p\u0159\u00edrodn\u00ed<\/td>\n<td>10<\/td>\n<td>2<\/td>\n<\/tr>\n<tr>\n<td class=\"skII prvni\">H3398<\/td>\n<td class=\"skII\">ST12<\/td>\n<td class=\"nazev\">Dub Kendal ko\u0148akov\u00fd<\/td>\n<td>10<\/td>\n<td>2<\/td>\n<\/tr>\n<tr>\n<td class=\"skIII prvni\">H3433<\/td>\n<td class=\"skIII\">ST22<\/td>\n<td class=\"nazev\">Pinie Aland pol\u00e1rn\u00ed<\/td>\n<td>10<\/td>\n<td>3<\/td>\n<\/tr>\n<tr>\n<td class=\"skIII prvni\">H3450<\/td>\n<td class=\"skIII\">ST22<\/td>\n<td class=\"nazev\">Fleetwood b\u00edl\u00fd<\/td>\n<td>10<\/td>\n<td>3<\/td>\n<\/tr>\n<tr>\n<td class=\"skIII prvni\">H3451<\/td>\n<td class=\"skIII\">ST22<\/td>\n<td class=\"nazev\">Fleetwood \u0161ampa\u0148sk\u00fd<\/td>\n<td>10<\/td>\n<td>3<\/td>\n<\/tr>\n<tr>\n<td class=\"skIII prvni\">H3453<\/td>\n<td class=\"skIII\">ST22<\/td>\n<td class=\"nazev\">Fleetwood l\u00e1vov\u011b \u0161ed\u00fd<\/td>\n<td>10<\/td>\n<td>3<\/td>\n<\/tr>\n<tr>\n<td class=\"skIV prvni\">H3711<\/td>\n<td class=\"skIV\">ST9<\/td>\n<td class=\"nazev\">O\u0159ech Carini tab\u00e1kov\u00fd<\/td>\n<td>10<\/td>\n<td>4<\/td>\n<\/tr>\n<\/tbody>\n<\/table>\n<table class=\"commonTable vyplneTable vyplneTable5\">\n<tbody>\n<tr>\n<th class=\"barva05\" colspan=\"5\">SKLEN\u011aN\u00c9 V\u00ddPLN\u011a DVE\u0158\u00cd do 7 pracovn\u00edch dn\u016f<\/th>\n<\/tr>\n<tr>\n<td class=\"prvni\">4 mm<\/td>\n<td class=\"bolder\">zrcadlo st\u0159\u00edbrn\u00e9 &#8211; SAFE<\/td>\n<\/tr>\n<tr>\n<td class=\"prvni\">4 mm<\/td>\n<td class=\"bolder\">zrcadlo bronz &#8211; SAFE<\/td>\n<\/tr>\n<tr>\n<td class=\"prvni\">4 mm<\/td>\n<td class=\"bolder\">zrcadlo \u0161ed\u00e9 (grafit) &#8211; SAFE<\/td>\n<\/tr>\n<tr>\n<td class=\"prvni\">4 mm<\/td>\n<td class=\"bolder\">Lacobel &#8211; dle RAL stupnice &#8211; SAFE<\/td>\n<\/tr>\n<tr>\n<td class=\"prvni\">4 mm<\/td>\n<td class=\"bolder\">Matelac &#8211; dle RAL stupnice &#8211; SAFE<\/td>\n<\/tr>\n<tr>\n<td class=\"prvni\">6,4 mm<\/td>\n<td class=\"bolder\">connex ml\u00e9\u010dn\u00fd &#8211; SAFE<\/td>\n<\/tr>\n<tr>\n<td class=\"prvni\">6,4 mm<\/td>\n<td class=\"bolder\">connex \u010dir\u00fd &#8211; SAFE<\/td>\n<\/tr>\n<\/tbody>\n<\/table>\n<p style=\"display: block; font-weight: 600; clear: both;\"><a href=\"http:\/\/www.o-design.cz\/mlinen\/wp-content\/uploads\/ke-stazeni\/seznam-vyplni-03-2018.pdf\">Seznam v\u00fdpln\u00ed 2018 ke sta\u017een\u00ed v PDF<\/a><br \/>\nDal\u0161\u00ed dekory Kronospan a Egger lze dodat po konzultaci na tel.: 731 615 454.<\/p>\n<\/div>\n<div id=\"menu1\" class=\"tab-pane fade\">\n<h2 style=\"padding-top: 30px;\"><span class=\"zavorka\">[ <\/span>Zrcadla<span class=\"zavorka\"> ]<\/span><\/h2>\n<p><img decoding=\"async\" class=\"leftImg\" style=\"margin: 0px 20px 20px 0px;\" src=\"http:\/\/www.o-design.cz\/mlinen\/wp-content\/uploads\/img\/web-picts\/zrcadla.png\" alt=\"zrcadla do posuvn\u00fdch dve\u0159\u00ed\"><\/p>\n<p>Jako v\u00fdpl\u0148 posuvn\u00fdch dve\u0159\u00ed lze pou\u017e\u00edt <b>zrcadlo st\u0159\u00edbrn\u00e9, grafitov\u00e9 a bronzov\u00e9<\/b>.<\/p>\n<p>Zrcadlo je <b>v\u017edy podlepeno bezpe\u010dnostn\u00ed f\u00f3li\u00ed<\/b>, zabra\u0148uj\u00edc\u00ed vysyp\u00e1n\u00ed skla p\u0159i rozbit\u00ed.<\/p>\n<\/div>\n<div id=\"menu2\" class=\"tab-pane fade\">\n<h2><span class=\"zavorka\">[ <\/span>Lacobel, matelac a connex &#8211; sklen\u011bn\u00e9 v\u00fdpln\u011b posuvn\u00fdch dve\u0159\u00ed<span class=\"zavorka\"> ]<\/span><\/h2>\n<p><img decoding=\"async\" style=\"margin: 0px 20px 20px 0px;\" src=\"http:\/\/www.o-design.cz\/mlinen\/wp-content\/uploads\/img\/web-picts\/skla.png\" alt=\"zrcadla do posuvn\u00fdch dve\u0159\u00ed\"><\/p>\n<p><b>Lacobel a Matelac je sklo barven\u00e9 podle vzorn\u00edku RAL nebo NCS.<\/b> Skla barv\u00edme sami, proto m\u016f\u017eeme nab\u00eddnout kompletn\u00ed barevnou \u0161k\u00e1lu.<br \/>\n<b>Lacobel je barevn\u00e9 sklo leskl\u00e9, Matelac m\u00e1 matnou povrchovou \u00fapravu.<\/b> Oba typy t\u011bchto skel jsou podlepeny bezpe\u010dnostn\u00ed f\u00f3li\u00ed,<br \/>\nzabra\u0148uj\u00edc\u00ed vysyp\u00e1n\u00ed skla p\u0159i rozbit\u00ed.<\/p>\n<p class=\"bolder\">Vyr\u00e1b\u00edme z extra \u010dir\u00fdch skel, kter\u00e9 netlum\u00ed a nem\u011bn\u00ed po\u017eadovan\u00fd odst\u00edn.<\/p>\n<p><b>Connex je bezpe\u010dnostn\u00ed sklo<\/b>, slo\u017een\u00e9 ze dvou pl\u00e1t\u016f skla s f\u00f3li\u00ed uprost\u0159ed. Bezpe\u010dnostn\u00ed sklo Connex nen\u00ed barven\u00e9 a je dostupn\u00e9<br \/>\nv <b>ml\u00e9\u010dn\u00e9 nebo \u010dir\u00e9<\/b> variant\u011b.<\/p>\n<h3>Zp\u016fsoby ulo\u017een\u00ed skla do hlin\u00edkov\u00fdch profil\u016f<\/h3>\n<h4>Syst\u00e9my <strong>Mline AL 50<\/strong> \u2013 ulo\u017een\u00ed skla do silikonov\u00e9ho t\u011bsn\u011bn\u00ed<\/h4>\n<p class=\"bolder\">Velmi bezpe\u010dn\u00fd zp\u016fsob ulo\u017een\u00ed skla do posuvn\u00fdch dve\u0159\u00ed.<\/p>\n<p>D\u00edky t\u011bsn\u011bn\u00ed ve tvaru &#8222;U&#8220; <strong>nedoch\u00e1z\u00ed ke kontaktu skla s hlin\u00edkov\u00fdm profilem<\/strong>.<\/p>\n<p>Sesazen\u00ed dve\u0159\u00ed na sucho \u2013 je rozeb\u00edrateln\u00e9. V p\u0159\u00edpad\u011b jak\u00e9hokoliv po\u0161kozen\u00ed skla je v\u00fdm\u011bna snadn\u00e1.<\/p>\n<p><img decoding=\"async\" class=\"leftImg\" style=\"margin: 10px 0px 30px 0px;\" src=\"http:\/\/www.o-design.cz\/mlinen\/wp-content\/uploads\/img\/web-picts\/ulozeni-skla-01.jpg\" alt=\"spr\u00e1vn\u00e9 ulo\u017een\u00ed skla\"><br \/>\n<img decoding=\"async\" class=\"leftImg\" style=\"width: 150px; margin: 20px 0px 20px 30px;\" src=\"http:\/\/www.o-design.cz\/mlinen\/wp-content\/uploads\/img\/web-picts\/zaruka-10-let.png\" alt=\"Z\u00e1ruka 10 let\"><\/p>\n<h4 style=\"clear: both;\">Syst\u00e9my kov\u00e1n\u00ed pro 18mm \u2013 ulo\u017een\u00ed skla vlepen\u00edm do hlin\u00edkov\u00e9ho profilu<\/h4>\n<p class=\"bolder\">Doch\u00e1z\u00ed k p\u0159\u00edm\u00e9mu kontaktu skla a hlin\u00edkov\u00e9ho profilu.<\/p>\n<p>Mont\u00e1\u017e dve\u0159\u00ed s lepen\u00edm silikonem \u2013 nen\u00ed rozeb\u00edrateln\u00e9 v p\u0159\u00edpad\u011b jak\u00e9hokoliv po\u0161kozen\u00ed skla.<\/p>\n<p>Sklen\u011bnou v\u00fdpl\u0148 je nutno vypodlo\u017eit jin\u00fdm materi\u00e1lem \u2013 nap\u0159. LTD s \u00fapravou na tlou\u0161\u0165ku 14mm,<br \/>\nnebo se vymezuje plastov\u00fdmi kostkami.<\/p>\n<p>Nevhodn\u00e9 pro dlouhodob\u00e9 u\u017e\u00edv\u00e1n\u00ed \u2013 z d\u016fvodu st\u00e1rnut\u00ed a k\u0159ehnut\u00ed silikonu.<\/p>\n<p class=\"bolder\">Ostatn\u00ed v\u00fdrobci dve\u0159\u00ed uv\u00e1d\u011bj\u00ed omezen\u00ed v rozm\u011bru dve\u0159\u00ed se sklem u kov\u00e1n\u00ed pro 18mm<br \/>\n\u2013 maxim\u00e1ln\u00ed rozm\u011bry k\u0159\u00eddla &#8211; \u0161\u00ed\u0159ka 70cm x v\u00fd\u0161ka 220cm.<\/p>\n<div><img decoding=\"async\" class=\"leftImg\" style=\"margin: 10px 0px 30px 0px;\" src=\"http:\/\/www.o-design.cz\/mlinen\/wp-content\/uploads\/img\/web-picts\/ulozeni-skla-02.jpg\" alt=\"nespr\u00e1vn\u00e9 ulo\u017een\u00ed skla\"><img decoding=\"async\" class=\"leftImg\" style=\"margin: 10px 0px 30px 0px;\" src=\"http:\/\/www.o-design.cz\/mlinen\/wp-content\/uploads\/img\/web-picts\/ulozeni-skla-03.jpg\" alt=\"nespr\u00e1vn\u00e9 ulo\u017een\u00ed skla\"><br \/>\n&lt;\/div<\/div>\n<\/div>\n<\/div>\n","protected":false},"excerpt":{"rendered":"<p>V\u00fdpln\u011b posuvn\u00fdch dve\u0159\u00ed pro vestav\u011bn\u00e9 sk\u0159\u00edn\u011b LTD Zrcadla Skla [ LTD v\u00fdpln\u011b posuvn\u00fdch dve\u0159\u00ed ] Kompletn\u00ed sortiment LTD v tlou\u0161\u0165ce 18 mm Do posuvn\u00fdch dve\u0159\u00ed vestav\u011bn\u00fdch sk\u0159\u00edn\u00ed nab\u00edz\u00edme kompletn\u00ed sortiment dekor\u016f od firem Egger, Kronospan, Kaindl a DDL. Lamina v tlou\u0161\u0165ce 10 mm AK\u010cN\u00cd LTD CENOV\u00c1 SKUPINA \u010c. I. CENOV\u00c1 SKUPINA \u010c. II. CENOV\u00c1 SKUPINA &hellip; <\/p>\n<p class=\"link-more\"><a href=\"http:\/\/o-design.cz\/mlinen\/vyplne-dveri\/\" class=\"more-link\">Pokra\u010dovat ve \u010dten\u00ed<span class=\"screen-reader-text\"> &#8222;V\u00ddPLN\u011a DVE\u0158\u00cd&#8220;<\/span><\/a><\/p>\n","protected":false},"author":1,"featured_media":0,"parent":0,"menu_order":0,"comment_status":"closed","ping_status":"closed","template":"","meta":{"ngg_post_thumbnail":0,"footnotes":""},"class_list":["post-56","page","type-page","status-publish","hentry"],"_links":{"self":[{"href":"http:\/\/o-design.cz\/mlinen\/wp-json\/wp\/v2\/pages\/56","targetHints":{"allow":["GET"]}}],"collection":[{"href":"http:\/\/o-design.cz\/mlinen\/wp-json\/wp\/v2\/pages"}],"about":[{"href":"http:\/\/o-design.cz\/mlinen\/wp-json\/wp\/v2\/types\/page"}],"author":[{"embeddable":true,"href":"http:\/\/o-design.cz\/mlinen\/wp-json\/wp\/v2\/users\/1"}],"replies":[{"embeddable":true,"href":"http:\/\/o-design.cz\/mlinen\/wp-json\/wp\/v2\/comments?post=56"}],"version-history":[{"count":9,"href":"http:\/\/o-design.cz\/mlinen\/wp-json\/wp\/v2\/pages\/56\/revisions"}],"predecessor-version":[{"id":200,"href":"http:\/\/o-design.cz\/mlinen\/wp-json\/wp\/v2\/pages\/56\/revisions\/200"}],"wp:attachment":[{"href":"http:\/\/o-design.cz\/mlinen\/wp-json\/wp\/v2\/media?parent=56"}],"curies":[{"name":"wp","href":"https:\/\/api.w.org\/{rel}","templated":true}]}}