{"id":401,"date":"2021-11-01T11:30:50","date_gmt":"2021-11-01T11:30:50","guid":{"rendered":"https:\/\/demo.athemes.com\/sydney-main\/?page_id=401"},"modified":"2024-09-19T10:29:11","modified_gmt":"2024-09-19T08:29:11","slug":"technicke-valce","status":"publish","type":"page","link":"http:\/\/o-design.cz\/sogroup\/technicke-valce\/","title":{"rendered":"Technick\u00e9 v\u00e1lce"},"content":{"rendered":"\t\t<div data-elementor-type=\"wp-page\" data-elementor-id=\"401\" class=\"elementor elementor-401\">\n\t\t\t\t\t\t<section class=\"elementor-section elementor-top-section elementor-element elementor-element-eedafb9 elementor-section-content-middle elementor-section-boxed elementor-section-height-default elementor-section-height-default\" data-id=\"eedafb9\" data-element_type=\"section\">\n\t\t\t\t\t\t<div class=\"elementor-container elementor-column-gap-default\">\n\t\t\t\t\t<div class=\"elementor-column elementor-col-50 elementor-top-column elementor-element elementor-element-571508b\" data-id=\"571508b\" data-element_type=\"column\">\n\t\t\t<div class=\"elementor-widget-wrap elementor-element-populated\">\n\t\t\t\t\t\t<div class=\"elementor-element elementor-element-711b023 elementor-widget elementor-widget-heading\" data-id=\"711b023\" data-element_type=\"widget\" data-widget_type=\"heading.default\">\n\t\t\t\t<div class=\"elementor-widget-container\">\n\t\t\t<h2 class=\"elementor-heading-title elementor-size-default\">Technick\u00e9 v\u00e1lce<\/h2>\t\t<\/div>\n\t\t\t\t<\/div>\n\t\t\t\t<div class=\"elementor-element elementor-element-1cf0f1c elementor-widget elementor-widget-text-editor\" data-id=\"1cf0f1c\" data-element_type=\"widget\" data-widget_type=\"text-editor.default\">\n\t\t\t\t<div class=\"elementor-widget-container\">\n\t\t\t\t\t\t\t<p>Vyr\u00e1b\u00edme technick\u00e9 v\u00e1lce pro r\u016fzn\u00e9 pr\u016fmyslov\u00e9 odv\u011btv\u00ed, v \u0161irok\u00e9 \u0161k\u00e1le proveden\u00ed, materi\u00e1l\u016f, povrch\u016f, n\u00e1rok\u016f na prost\u0159ed\u00ed, rychlosti ot\u00e1\u010den\u00ed, statick\u00e9ho a dynamick\u00e9ho vyv\u00e1\u017een\u00ed.<\/p><p>Pro sv\u00e9 z\u00e1kazn\u00edky zaji\u0161\u0165ujeme poradenstv\u00ed, konstruk\u010dn\u00ed n\u00e1vrhy, realizace celk\u016f v\u010detn\u011b mont\u00e1\u017ee u z\u00e1kazn\u00edka.\u00a0\u00a0\u00a0\u00a0\u00a0\u00a0\u00a0\u00a0\u00a0\u00a0\u00a0\u00a0\u00a0\u00a0\u00a0\u00a0\u00a0 \u00a0\u00a0\u00a0\u00a0\u00a0\u00a0\u00a0\u00a0\u00a0\u00a0\u00a0\u00a0\u00a0\u00a0\u00a0<\/p><p>Vyr\u00e1b\u00edme \u0161irok\u00fd sortiment v\u00e1lc\u016f zejm\u00e9na pro pr\u016fmysl stroj\u00edrensk\u00fd, skl\u00e1\u0159sk\u00fd, polygrafick\u00fd, textiln\u00ed, ocel\u00e1\u0159sk\u00fd, pap\u00edrensk\u00fd, n\u00e1bytk\u00e1\u0159sk\u00fd, chemick\u00fd, potravin\u00e1\u0159sk\u00fd, elektrotechnick\u00fd, pr\u016fmysl um\u011bl\u00fdch hmot, v\u00fdroba obal\u016f, a dal\u0161\u00ed.<\/p>\t\t\t\t\t\t<\/div>\n\t\t\t\t<\/div>\n\t\t\t\t\t<\/div>\n\t\t<\/div>\n\t\t\t\t<div class=\"elementor-column elementor-col-50 elementor-top-column elementor-element elementor-element-bc4d4c0\" data-id=\"bc4d4c0\" data-element_type=\"column\">\n\t\t\t<div class=\"elementor-widget-wrap elementor-element-populated\">\n\t\t\t\t\t\t<div class=\"elementor-element elementor-element-48dd569 elementor-widget elementor-widget-image\" data-id=\"48dd569\" data-element_type=\"widget\" data-widget_type=\"image.default\">\n\t\t\t\t<div class=\"elementor-widget-container\">\n\t\t\t\t\t\t\t\t\t\t\t\t\t<img decoding=\"async\" src=\"http:\/\/o-design.cz\/sogroup\/wp-content\/uploads\/2021\/11\/Rectangle-604-2-1.jpg\" title=\"\" alt=\"\" loading=\"lazy\" \/>\t\t\t\t\t\t\t\t\t\t\t\t\t<\/div>\n\t\t\t\t<\/div>\n\t\t\t\t\t<\/div>\n\t\t<\/div>\n\t\t\t\t\t<\/div>\n\t\t<\/section>\n\t\t\t\t<section class=\"elementor-section elementor-top-section elementor-element elementor-element-cf5ff21 elementor-section-content-middle elementor-section-boxed elementor-section-height-default elementor-section-height-default\" data-id=\"cf5ff21\" data-element_type=\"section\" data-settings=\"{&quot;background_background&quot;:&quot;classic&quot;}\">\n\t\t\t\t\t\t<div class=\"elementor-container elementor-column-gap-default\">\n\t\t\t\t\t<div class=\"elementor-column elementor-col-50 elementor-top-column elementor-element elementor-element-c35989b\" data-id=\"c35989b\" data-element_type=\"column\">\n\t\t\t<div class=\"elementor-widget-wrap elementor-element-populated\">\n\t\t\t\t\t\t<div class=\"elementor-element elementor-element-33e3b28 elementor-widget elementor-widget-image\" data-id=\"33e3b28\" data-element_type=\"widget\" data-widget_type=\"image.default\">\n\t\t\t\t<div class=\"elementor-widget-container\">\n\t\t\t\t\t\t\t\t\t\t\t\t\t<img fetchpriority=\"high\" decoding=\"async\" width=\"635\" height=\"1024\" src=\"http:\/\/o-design.cz\/sogroup\/wp-content\/uploads\/2024\/05\/valec02-1-635x1024.png\" class=\"attachment-large size-large wp-image-941\" alt=\"\" srcset=\"http:\/\/o-design.cz\/sogroup\/wp-content\/uploads\/2024\/05\/valec02-1-635x1024.png 635w, http:\/\/o-design.cz\/sogroup\/wp-content\/uploads\/2024\/05\/valec02-1-186x300.png 186w, http:\/\/o-design.cz\/sogroup\/wp-content\/uploads\/2024\/05\/valec02-1-768x1239.png 768w, http:\/\/o-design.cz\/sogroup\/wp-content\/uploads\/2024\/05\/valec02-1-952x1536.png 952w, http:\/\/o-design.cz\/sogroup\/wp-content\/uploads\/2024\/05\/valec02-1-230x371.png 230w, http:\/\/o-design.cz\/sogroup\/wp-content\/uploads\/2024\/05\/valec02-1-350x565.png 350w, http:\/\/o-design.cz\/sogroup\/wp-content\/uploads\/2024\/05\/valec02-1-480x774.png 480w, http:\/\/o-design.cz\/sogroup\/wp-content\/uploads\/2024\/05\/valec02-1.png 1000w\" sizes=\"(max-width: 635px) 100vw, 635px\" \/>\t\t\t\t\t\t\t\t\t\t\t\t\t<\/div>\n\t\t\t\t<\/div>\n\t\t\t\t\t<\/div>\n\t\t<\/div>\n\t\t\t\t<div class=\"elementor-column elementor-col-50 elementor-top-column elementor-element elementor-element-9d8f192\" data-id=\"9d8f192\" data-element_type=\"column\">\n\t\t\t<div class=\"elementor-widget-wrap elementor-element-populated\">\n\t\t\t\t\t\t<div class=\"elementor-element elementor-element-a2ff96d elementor-widget elementor-widget-heading\" data-id=\"a2ff96d\" data-element_type=\"widget\" data-widget_type=\"heading.default\">\n\t\t\t\t<div class=\"elementor-widget-container\">\n\t\t\t<h2 class=\"elementor-heading-title elementor-size-default\">Konstrukce v\u00e1lc\u016f<\/h2>\t\t<\/div>\n\t\t\t\t<\/div>\n\t\t\t\t<div class=\"elementor-element elementor-element-6811c22 elementor-widget elementor-widget-text-editor\" data-id=\"6811c22\" data-element_type=\"widget\" data-widget_type=\"text-editor.default\">\n\t\t\t\t<div class=\"elementor-widget-container\">\n\t\t\t\t\t\t\t<p>Nej\u010dast\u011b\u0161\u00ed konstrukce v\u00e1lc\u016f vyr\u00e1b\u011bn\u00fdch v So group najdete v na\u0161em katalogu (odkaz na PDF katalog).<\/p><p>V roce 2018 jsme do na\u0161eho sortimentu za\u0159adily i v\u00fdrobu r\u00e1dlovan\u00fdch v\u00e1lc\u016f a to jak s\u00a0pod\u00e9ln\u00fdm r\u00e1dlov\u00e1n\u00edm, tak i k\u0159\u00ed\u017eov\u00fdm r\u00e1dlov\u00e1n\u00edm, s n\u00e1sledn\u00fdm pochromov\u00e1n\u00edm.\u00a0\u00a0\u00a0\u00a0\u00a0\u00a0\u00a0 <\/p>\t\t\t\t\t\t<\/div>\n\t\t\t\t<\/div>\n\t\t\t\t<div class=\"elementor-element elementor-element-219c930 elementor-widget elementor-widget-heading\" data-id=\"219c930\" data-element_type=\"widget\" data-widget_type=\"heading.default\">\n\t\t\t\t<div class=\"elementor-widget-container\">\n\t\t\t<h6 class=\"elementor-heading-title elementor-size-default\">V\u00fdrobn\u00ed rozm\u011brov\u00e9 a v\u00e1hov\u00e9 mo\u017enosti<\/h6>\t\t<\/div>\n\t\t\t\t<\/div>\n\t\t\t\t<div class=\"elementor-element elementor-element-8c0b95d elementor-widget elementor-widget-text-editor\" data-id=\"8c0b95d\" data-element_type=\"widget\" data-widget_type=\"text-editor.default\">\n\t\t\t\t<div class=\"elementor-widget-container\">\n\t\t\t\t\t\t\t<ul><li>do d\u00e9lky 6000 mm<\/li><li>do pr\u016fm\u011bru 700 mm<\/li><li>do v\u00e1hy 2 tun<\/li><\/ul>\t\t\t\t\t\t<\/div>\n\t\t\t\t<\/div>\n\t\t\t\t<div class=\"elementor-element elementor-element-be0b9c3 elementor-widget elementor-widget-heading\" data-id=\"be0b9c3\" data-element_type=\"widget\" data-widget_type=\"heading.default\">\n\t\t\t\t<div class=\"elementor-widget-container\">\n\t\t\t<h6 class=\"elementor-heading-title elementor-size-default\">Statick\u00e9 a dynamick\u00e9 vyv\u00e1\u017een\u00ed na stroji CEMB<\/h6>\t\t<\/div>\n\t\t\t\t<\/div>\n\t\t\t\t<div class=\"elementor-element elementor-element-7aa6365 elementor-widget elementor-widget-text-editor\" data-id=\"7aa6365\" data-element_type=\"widget\" data-widget_type=\"text-editor.default\">\n\t\t\t\t<div class=\"elementor-widget-container\">\n\t\t\t\t\t\t\t<ul><li>do d\u00e9lky 6000 mm\u00a0\u00a0\u00a0\u00a0\u00a0\u00a0 <\/li><li>do pr\u016fm\u011bru 1500 mm <\/li><li>do v\u00e1hy 2 tuny\u00a0 <\/li><li>s p\u0159esnost\u00ed 2 gramy\u00a0\u00a0\u00a0 <\/li><li>s tiskem m\u011b\u0159\u00edc\u00edch protokol\u016f<\/li><\/ul>\t\t\t\t\t\t<\/div>\n\t\t\t\t<\/div>\n\t\t\t\t<div class=\"elementor-element elementor-element-23b2933 elementor-widget elementor-widget-heading\" data-id=\"23b2933\" data-element_type=\"widget\" data-widget_type=\"heading.default\">\n\t\t\t\t<div class=\"elementor-widget-container\">\n\t\t\t<h6 class=\"elementor-heading-title elementor-size-default\">Materi\u00e1ly<\/h6>\t\t<\/div>\n\t\t\t\t<\/div>\n\t\t\t\t<div class=\"elementor-element elementor-element-0f3bcf5 elementor-widget elementor-widget-text-editor\" data-id=\"0f3bcf5\" data-element_type=\"widget\" data-widget_type=\"text-editor.default\">\n\t\t\t\t<div class=\"elementor-widget-container\">\n\t\t\t\t\t\t\t<p>Ocel, legovan\u00e1 ocel, slitiny hlin\u00edku, slitiny barevn\u00fdch kov\u016f, plasty\u2026<\/p>\t\t\t\t\t\t<\/div>\n\t\t\t\t<\/div>\n\t\t\t\t<div class=\"elementor-element elementor-element-a52145b elementor-widget elementor-widget-heading\" data-id=\"a52145b\" data-element_type=\"widget\" data-widget_type=\"heading.default\">\n\t\t\t\t<div class=\"elementor-widget-container\">\n\t\t\t<h6 class=\"elementor-heading-title elementor-size-default\">Povrchov\u00e9 \u00fapravy<\/h6>\t\t<\/div>\n\t\t\t\t<\/div>\n\t\t\t\t<div class=\"elementor-element elementor-element-4d3435a elementor-widget elementor-widget-text-editor\" data-id=\"4d3435a\" data-element_type=\"widget\" data-widget_type=\"text-editor.default\">\n\t\t\t\t<div class=\"elementor-widget-container\">\n\t\t\t\t\t\t\t<p>Zinkovan\u00e9, chromovan\u00e9, niklovan\u00e9, eloxovan\u00e9, barven\u00e9, nalepovan\u00e9\u2026<\/p>\t\t\t\t\t\t<\/div>\n\t\t\t\t<\/div>\n\t\t\t\t\t<\/div>\n\t\t<\/div>\n\t\t\t\t\t<\/div>\n\t\t<\/section>\n\t\t\t\t<section class=\"elementor-section elementor-top-section elementor-element elementor-element-aa357ca elementor-section-boxed elementor-section-height-default elementor-section-height-default\" data-id=\"aa357ca\" data-element_type=\"section\">\n\t\t\t\t\t\t<div class=\"elementor-container elementor-column-gap-default\">\n\t\t\t\t\t<div class=\"elementor-column elementor-col-100 elementor-top-column elementor-element elementor-element-50a14cd\" data-id=\"50a14cd\" data-element_type=\"column\">\n\t\t\t<div class=\"elementor-widget-wrap elementor-element-populated\">\n\t\t\t\t\t\t<section class=\"elementor-section elementor-inner-section elementor-element elementor-element-fc4bb31 elementor-section-boxed elementor-section-height-default elementor-section-height-default\" data-id=\"fc4bb31\" data-element_type=\"section\">\n\t\t\t\t\t\t<div class=\"elementor-container elementor-column-gap-extended\">\n\t\t\t\t\t<div class=\"elementor-column elementor-col-50 elementor-inner-column elementor-element elementor-element-936216a\" data-id=\"936216a\" data-element_type=\"column\">\n\t\t\t<div class=\"elementor-widget-wrap elementor-element-populated\">\n\t\t\t\t\t\t<div class=\"elementor-element elementor-element-f3358db elementor-widget elementor-widget-heading\" data-id=\"f3358db\" data-element_type=\"widget\" data-widget_type=\"heading.default\">\n\t\t\t\t<div class=\"elementor-widget-container\">\n\t\t\t<h2 class=\"elementor-heading-title elementor-size-default\">Pogumovan\u00e9 v\u00e1lce<\/h2>\t\t<\/div>\n\t\t\t\t<\/div>\n\t\t\t\t<div class=\"elementor-element elementor-element-518262e elementor-widget elementor-widget-text-editor\" data-id=\"518262e\" data-element_type=\"widget\" data-widget_type=\"text-editor.default\">\n\t\t\t\t<div class=\"elementor-widget-container\">\n\t\t\t\t\t\t\t<p>\u00dazce spolupracujeme s v\u00fdznamnou spole\u010dnost\u00ed specializovanou na pogumov\u00e1n\u00ed v\u00e1lc\u016f, pro kterou zaji\u0161\u0165ujeme v\u00fdrobu ocelov\u00fdch jader v\u00e1lc\u016f.<\/p>\t\t\t\t\t\t<\/div>\n\t\t\t\t<\/div>\n\t\t\t\t<div class=\"elementor-element elementor-element-28f121b elementor-widget elementor-widget-heading\" data-id=\"28f121b\" data-element_type=\"widget\" data-widget_type=\"heading.default\">\n\t\t\t\t<div class=\"elementor-widget-container\">\n\t\t\t<h4 class=\"elementor-heading-title elementor-size-default\">Ve spolupr\u00e1ci zaji\u0161\u0165ujeme pogumov\u00e1n\u00ed v\u00e1lc\u016f materi\u00e1ly<\/h4>\t\t<\/div>\n\t\t\t\t<\/div>\n\t\t\t\t<div class=\"elementor-element elementor-element-705fb94 elementor-widget elementor-widget-text-editor\" data-id=\"705fb94\" data-element_type=\"widget\" data-widget_type=\"text-editor.default\">\n\t\t\t\t<div class=\"elementor-widget-container\">\n\t\t\t\t\t\t\tNBR, EPDM, IIR,CR, CSM, NR, SI, FPM, SBR, PU, nan\u00e1\u0161en\u00ed polyuretanu a dal\u0161\u00ed, v tvrdosti 10-100 Shore, se \u0161irokou \u0161k\u00e1lou mechanick\u00fdch, chemick\u00fdch, elektrick\u00fdch a tepeln\u00fdch vlastnost\u00ed.\t\t\t\t\t\t<\/div>\n\t\t\t\t<\/div>\n\t\t\t\t<div class=\"elementor-element elementor-element-21ac23a elementor-widget elementor-widget-heading\" data-id=\"21ac23a\" data-element_type=\"widget\" data-widget_type=\"heading.default\">\n\t\t\t\t<div class=\"elementor-widget-container\">\n\t\t\t<h4 class=\"elementor-heading-title elementor-size-default\">J\u00e1dra pro v\u00fdrobu a konkr\u00e9tn\u00ed pou\u017eit\u00ed sleeves pro flexotisk<\/h4>\t\t<\/div>\n\t\t\t\t<\/div>\n\t\t\t\t<div class=\"elementor-element elementor-element-745bdcd elementor-widget elementor-widget-text-editor\" data-id=\"745bdcd\" data-element_type=\"widget\" data-widget_type=\"text-editor.default\">\n\t\t\t\t<div class=\"elementor-widget-container\">\n\t\t\t\t\t\t\t<p>Jsme v\u00fdrobci jader pro sleevesyst\u00e9mov\u00fd flexotisk. Jsou to velmi p\u0159esn\u00e9 pochromovan\u00e9 v\u00e1lce s vnit\u0159n\u00edm rozvodem stla\u010den\u00e9ho vzduchu, zalo\u017een\u00fdm na principu vzduchov\u00e9ho pol\u0161t\u00e1\u0159e.<\/p><p>Na\u0161imi z\u00e1kazn\u00edky jsou jak firmy zab\u00fdvaj\u00edc\u00ed se v\u00fdrobou sleeves, tak i jejich z\u00e1kazn\u00edci, kter\u00fdm dod\u00e1v\u00e1me ji\u017e specifick\u00e9 v\u00e1lce pro konkr\u00e9tn\u00ed v\u00fdrobn\u00ed linky.<\/p>\t\t\t\t\t\t<\/div>\n\t\t\t\t<\/div>\n\t\t\t\t\t<\/div>\n\t\t<\/div>\n\t\t\t\t<div class=\"elementor-column elementor-col-50 elementor-inner-column elementor-element elementor-element-2abd428\" data-id=\"2abd428\" data-element_type=\"column\">\n\t\t\t<div class=\"elementor-widget-wrap\">\n\t\t\t\t\t\t\t<\/div>\n\t\t<\/div>\n\t\t\t\t\t<\/div>\n\t\t<\/section>\n\t\t\t\t\t<\/div>\n\t\t<\/div>\n\t\t\t\t\t<\/div>\n\t\t<\/section>\n\t\t\t\t<section class=\"elementor-section elementor-top-section elementor-element elementor-element-a6e2ef0 elementor-section-content-middle elementor-section-boxed elementor-section-height-default elementor-section-height-default\" data-id=\"a6e2ef0\" data-element_type=\"section\" data-settings=\"{&quot;background_background&quot;:&quot;classic&quot;}\">\n\t\t\t\t\t\t<div class=\"elementor-container elementor-column-gap-default\">\n\t\t\t\t\t<div class=\"elementor-column elementor-col-50 elementor-top-column elementor-element elementor-element-ba250ca\" data-id=\"ba250ca\" data-element_type=\"column\">\n\t\t\t<div class=\"elementor-widget-wrap elementor-element-populated\">\n\t\t\t\t\t\t<div class=\"elementor-element elementor-element-9903d1b elementor-widget elementor-widget-heading\" data-id=\"9903d1b\" data-element_type=\"widget\" data-widget_type=\"heading.default\">\n\t\t\t\t<div class=\"elementor-widget-container\">\n\t\t\t<h2 class=\"elementor-heading-title elementor-size-default\">M\u00e1te zaj\u00edmav\u00fd projekt? Ozv\u011bte se, pom\u016f\u017eeme...<\/h2>\t\t<\/div>\n\t\t\t\t<\/div>\n\t\t\t\t\t<\/div>\n\t\t<\/div>\n\t\t\t\t<div class=\"elementor-column elementor-col-50 elementor-top-column elementor-element elementor-element-7374947\" data-id=\"7374947\" data-element_type=\"column\">\n\t\t\t<div class=\"elementor-widget-wrap elementor-element-populated\">\n\t\t\t\t\t\t<div class=\"elementor-element elementor-element-34eded5 elementor-align-right elementor-widget elementor-widget-button\" data-id=\"34eded5\" data-element_type=\"widget\" data-widget_type=\"button.default\">\n\t\t\t\t<div class=\"elementor-widget-container\">\n\t\t\t\t\t\t\t<div class=\"elementor-button-wrapper\">\n\t\t\t\t\t<a class=\"elementor-button elementor-button-link elementor-size-sm\" href=\"http:\/\/o-design.cz\/sogroup\/kontakty\/\">\n\t\t\t\t\t\t<span class=\"elementor-button-content-wrapper\">\n\t\t\t\t\t\t\t\t\t<span class=\"elementor-button-text\">Kontaktujte n\u00e1s<\/span>\n\t\t\t\t\t<\/span>\n\t\t\t\t\t<\/a>\n\t\t\t\t<\/div>\n\t\t\t\t\t\t<\/div>\n\t\t\t\t<\/div>\n\t\t\t\t\t<\/div>\n\t\t<\/div>\n\t\t\t\t\t<\/div>\n\t\t<\/section>\n\t\t\t\t<\/div>\n\t\t","protected":false},"excerpt":{"rendered":"<p>Technick\u00e9 v\u00e1lce Vyr\u00e1b\u00edme technick\u00e9 v\u00e1lce pro r\u016fzn\u00e9 pr\u016fmyslov\u00e9 odv\u011btv\u00ed, v \u0161irok\u00e9 \u0161k\u00e1le proveden\u00ed, materi\u00e1l\u016f, povrch\u016f, n\u00e1rok\u016f na prost\u0159ed\u00ed, rychlosti ot\u00e1\u010den\u00ed, statick\u00e9ho a [&hellip;]<\/p>\n","protected":false},"author":1,"featured_media":0,"parent":0,"menu_order":0,"comment_status":"closed","ping_status":"closed","template":"page-templates\/page_front-page.php","meta":{"footnotes":""},"class_list":["post-401","page","type-page","status-publish","hentry"],"_links":{"self":[{"href":"http:\/\/o-design.cz\/sogroup\/wp-json\/wp\/v2\/pages\/401","targetHints":{"allow":["GET"]}}],"collection":[{"href":"http:\/\/o-design.cz\/sogroup\/wp-json\/wp\/v2\/pages"}],"about":[{"href":"http:\/\/o-design.cz\/sogroup\/wp-json\/wp\/v2\/types\/page"}],"author":[{"embeddable":true,"href":"http:\/\/o-design.cz\/sogroup\/wp-json\/wp\/v2\/users\/1"}],"replies":[{"embeddable":true,"href":"http:\/\/o-design.cz\/sogroup\/wp-json\/wp\/v2\/comments?post=401"}],"version-history":[{"count":22,"href":"http:\/\/o-design.cz\/sogroup\/wp-json\/wp\/v2\/pages\/401\/revisions"}],"predecessor-version":[{"id":1200,"href":"http:\/\/o-design.cz\/sogroup\/wp-json\/wp\/v2\/pages\/401\/revisions\/1200"}],"wp:attachment":[{"href":"http:\/\/o-design.cz\/sogroup\/wp-json\/wp\/v2\/media?parent=401"}],"curies":[{"name":"wp","href":"https:\/\/api.w.org\/{rel}","templated":true}]}}